6
Calculate the highest common divisor of 3813 and 887313.
93
What is the greatest common divisor of 154812 and 75810?
798
Calculate the highest common factor of 2792 and 24040.
8
Calculate the greatest common factor of 47073 and 80088.
213
What is the highest common divisor of 33 and 102667290?
33
Calculate the highest common factor of 87568 and 11984.
16
What is the greatest common factor of 27372770 and 22463?
3209
What is the highest common divisor of 273018 and 240?
6
Calculate the greatest common factor of 967366748 and 9364.
9364
Calculate the highest common factor of 1127763 and 3128139.
5103
What is the highest common divisor of 328696 and 29322?
362
Calculate the greatest common divisor of 4789360 and 2160.
80
Calculate the highest common factor of 21758968 and 25256.
616
What is the highest common factor of 1153110 and 6936?
1734
Calculate the highest common divisor of 1632787155 and 90.
45
Calculate the greatest common factor of 405188 and 44910.
998
What is the highest common factor of 550 and 1187600?
50
What is the highest common divisor of 6865038 and 84693?
327
What is the highest common factor of 56214 and 3816?
18
Calculate the greatest common divisor of 105204868 and 40.
4
Calculate the greatest common divisor of 46520 and 97036068.
4652
Calculate the highest common factor of 896400 and 128250.
1350
What is the highest common factor of 205 and 167806645?
205
What is the highest common factor of 3194 and 9142825?
1597
What is the highest common divisor of 209677 and 104?
13
What is the greatest common divisor of 14732 and 838796?
116
What is the highest common factor of 10952 and 85422048?
296
What is the highest common divisor of 10865 and 602905?
205
What is the highest common factor of 1477982727 and 702?
351
Calculate the highest common divisor of 1192 and 17030700.
596
Calculate the highest common factor of 474080 and 80.
80
What is the highest common factor of 8855180 and 2460?
820
What is the highest common factor of 11252515 and 1270?
5
Calculate the highest common factor of 370295891 and 14.
7
Calculate the highest common divisor of 143990 and 173033630.
8470
What is the greatest common factor of 28855680 and 40?
40
What is the greatest common factor of 10496 and 4168224?
1312
What is the greatest common factor of 48 and 94164216?
24
Calculate the greatest common factor of 30217 and 48257.
451
Calculate the greatest common divisor of 164 and 78731644.
164
What is the highest common factor of 1001158971 and 6?
3
Calculate the greatest common factor of 2794 and 14320647.
1397
Calculate the highest common factor of 221811881 and 904.
113
What is the greatest common divisor of 105030 and 7155?
135
Calculate the greatest common divisor of 6903144 and 689.
53
What is the greatest common factor of 24300818 and 212?
106
Calculate the highest common factor of 6628812 and 44.
4
What is the greatest common factor of 19834 and 317814?
94
What is the greatest common factor of 440 and 2975320?
40
Calculate the greatest common divisor of 531480 and 34196.
412
What is the highest common divisor of 16517 and 8236013?
199
Calculate the greatest common factor of 165 and 29563149.
33
Calculate the highest common divisor of 1023 and 1193717.
31
What is the greatest common factor of 75220 and 154820?
20
Calculate the greatest common factor of 1435294 and 29516.
314
Calculate the greatest common divisor of 6342678 and 27.
27
What is the highest common factor of 1106 and 8791468?
14
What is the highest common factor of 849069 and 2306664?
1593
What is the greatest common factor of 403 and 12434201?
13
What is the greatest common factor of 19765 and 20753722?
59
What is the greatest common divisor of 138067827 and 8418?
4209
What is the greatest common divisor of 12 and 251773104?
12
What is the highest common divisor of 2754466 and 58630?
286
Calculate the highest common factor of 11232536 and 2212.
2212
Calculate the highest common factor of 1705227 and 1441.
131
What is the highest common divisor of 282070 and 6767996?
842
What is the highest common divisor of 64196 and 15662365?
1459
What is the greatest common divisor of 102350 and 465025?
2225
What is the highest common divisor of 18721 and 721627?
193
What is the highest common factor of 80771 and 4595733?
1369
Calculate the highest common factor of 1518499 and 7943938.
6631
Calculate the highest common factor of 679291 and 9991.
97
Calculate the greatest common divisor of 9072 and 2819412.
36
What is the highest common factor of 72 and 49832632?
8
Calculate the highest common factor of 72711 and 7929.
9
What is the greatest common factor of 10742 and 1409822?
262
Calculate the highest common divisor of 497 and 357175.
7
What is the greatest common divisor of 315828 and 174?
6
What is the greatest common divisor of 36 and 18454707?
9
Calculate the highest common divisor of 1716 and 104932542.
858
Calculate the greatest common factor of 5008 and 792203.
313
Calculate the highest common divisor of 24245650 and 4290.
1430
What is the greatest common divisor of 27267222 and 2169?
723
What is the greatest common factor of 2881632 and 11544?
312
Calculate the highest common factor of 26705 and 5255.
5
What is the highest common divisor of 61 and 31650643?
61
Calculate the highest common divisor of 1896248 and 6596.
68
What is the greatest common factor of 61087323 and 101124?
8427
What is the greatest common factor of 98679 and 41250489?
2667
What is the highest common factor of 165 and 303135?
15
What is the greatest common factor of 14072940 and 99603?
3213
Calculate the highest common factor of 143752 and 5670.
14
Calculate the highest common divisor of 5032 and 7086314.
1258
Calculate the greatest common factor of 40183208 and 2093.
299
Calculate the highest common factor of 14 and 167824342.
14
Calculate the highest common divisor of 189 and 1105881.
21
Calculate the highest common factor of 610736114 and 551.
551
Calculate the highest common factor of 1166804085 and 1236.
309
What is the highest common divisor of 240 and 155090960?
80
What is the greatest common divisor of 86233368 and 13?
13
What is the highest common divisor of 712972 and 364?
52
What is the highest common divisor of 479424 and 6583?
227
What is the greatest common factor of 4722992 and 80?
16
Calculate the greatest common divisor of 20064150 and 10.
10
Calculate the highest common divisor of 15561 and 3881605.
1729
Calculate the highest common divisor of 6470195 and 5.
5
What is the greatest common factor of 7111 and 217443987?
547
Calculate the highest common divisor of 46362021 and 738.
123
What is the highest common divisor of 12716496 and 4056?
312
What is the highest common divisor of 17909415 and 492?
123
What is the greatest common factor of 2744928 and 29970?
162
Calculate the greatest common divisor of 31158570 and 30.
30
What is the highest common factor of 42700 and 60795?
35
What is the highest common factor of 9311280 and 45?
15
What is the greatest common divisor of 4255663 and 454633?
7453
What is the greatest common factor of 536154403 and 32476?
8119
Calculate the highest common divisor of 54 and 31749651.
27
Calculate the greatest common divisor of 796952067 and 9159.
9159
Calculate the greatest common factor of 53105 and 101103535.
2795
Calculate the highest common divisor of 10793799 and 7484.
1871
Calculate the highest common divisor of 573 and 539384.
191
Calculate the highest common divisor of 132 and 124157.
11
Calculate the highest common factor of 220519 and 325.
13
What is the greatest common divisor of 98563374 and 234?
234
What is the greatest common factor of 20795808 and 564?
564
What is the greatest common factor of 7 and 9726129?
7
Calculate the highest common divisor of 1227 and 374741751.
1227
What is the highest common divisor of 23978 and 78?
2
What is the highest common divisor of 820 and 255964230?
410
What is the greatest common divisor of 4678960 and 1584?
176
Calculate the greatest common divisor of 1974 and 2190090.
42
What is the greatest common divisor of 516 and 31241392?
172
What is the greatest common factor of 5 and 28513495?
5
Calculate the greatest common factor of 35590 and 6320.
10
What is the highest common factor of 1338 and 51880504?
446
Calculate the gr